se 2*x = -0*x + z. List the prime factors of x.
2
Let b(a) be the third derivative of a**4/24 + a**3/3 + a**2. Suppose 0 = 3*k + 2*s - 12, 4*s - 16 = -2*k - 2*k. List the prime factors of b(k).
2, 3
Suppose 9*h - 1520 = 3295. List the prime factors of h.
5, 107
Let y(d) = -d**2 + 38*d - 111. List the prime factors of y(11).
2, 3, 31
Let u(r) = -3*r - 7. Let t be u(-7). Let n = t - 6. Let v(k) = k**2 - 8*k + 11. What are the prime factors of v(n)?
11
Let j be 69 + -6 - (-3 + 0). Suppose -6 + j = -4*p. Let s = p + 22. List the prime factors of s.
7
Let k(u) = 29*u + 4. Let q be k(2). Let r = q + -37. What are the prime factors of r?
5
Let u = -78 + 123. Suppose 2*z + u - 149 = 0. What are the prime factors of z?
2, 13
Let d be ((-2)/6)/(-1 + 1672/1668). Let y = 263 + d. List the prime factors of y.
2, 31
What are the prime factors of 1097 + 0 - (18 + -1 - 24)?
2, 3, 23
Let j be (7*2)/(3 - 4). Let s(a) = -a**3 - 8*a**2 - 5*a - 4. Let r be s(-7). Let q = j - r. List the prime factors of q.
2
Suppose -3*x = 5*c - 5118, c + 2*x - 1034 = 4*x. What are the prime factors of c?
2, 3, 19
Suppose l = -3, -11*l - 1071 = -3*b - 13*l. What are the prime factors of b?
359
Suppose 2*t - 15 = -3*t. List the prime factors of (-16)/48 + 319/t.
2, 53
Suppose 0 = -0*h + h + o - 1879, -h = 5*o - 1871. List the prime factors of h.
3, 11, 19
Let u be ((-5)/45)/(3/9)*-24. Let x(n) = n**2 + n - 3. Let j be x(-3). What are the prime factors of 44/u + j/(-2)?
2
Suppose -4*z = -s - 5*z + 254, 4*z = -2*s + 514. Let h = s - 145. What are the prime factors of h?
2, 53
Let w = -138 + 661. What are the prime factors of w?
523
Let o(h) = -h**3 + h**2 - h. Let n(x) = 2*x**3 + x**2 - 4*x - 10. Let t(s) = -n(s) - o(s). List the prime factors of t(-3).
2
List the prime factors of 9170/(-4)*(-220)/385.
2, 5, 131
Suppose -33 + 29 = -a. List the prime factors of 4*a/(-8) - -131.
3, 43
Let g = 763 + -395. List the prime factors of g.
2, 23
Let j be 1/(-2)*4 - -9. Suppose 3*q - 5*w = j*q - 191, -2*w - 51 = -q. What are the prime factors of q?
7
Suppose -7*g = -4*g + 9, 1767 = 4*i - g. What are the prime factors of i?
3, 7
Suppose -4*q - 2 = 4*y + 18, -y = 4*q + 35. Let u = q - -25. List the prime factors of ((-6)/u)/((-2)/40).
2
Let b(m) = 84*m**2 - 5 + 3*m + 3 + 3. List the prime factors of b(-1).
2, 41
Let o = 17 - 14. Let n(p) = 2*p**3 + 4*p**2 - p - 2. List the prime factors of n(o).
5, 17
What are the prime factors of (-1)/((2 + 1)/(-381)) - 1?
2, 3, 7
Suppose 5*l = -5*o - 10, -5*o - 21 = -l + 1. Suppose -10 = 5*n + l*z - 163, z = 2*n - 54. List the prime factors of n.
29
Suppose 5*v - 417 = -3*f, -4*f - 2*v + 575 - 33 = 0. What are the prime factors of f?
2, 67
Let p(m) = 41*m + 3. Let s be p(-1). Let y = 65 + s. List the prime factors of y.
3
Let k = -667 + 1547. What are the prime factors of k?
2, 5, 11
Let v(i) = -18*i**2 - 15*i + 3. Let y(w) = 9*w**2 + 7*w - 1. Let b(f) = 2*v(f) + 5*y(f). List the prime factors of b(-5).
3, 67
Let g(a) = 2*a. Let u be g(1). Suppose -2*p + 6 = u*l, 3*l + 3*p + 3 = 4*l. Suppose -96 = -6*s + l*s. What are the prime factors of s?
2
Let l(c) = c**3 - 4*c**2 - c - 3. Let y be l(5). Suppose z - v + 6 - 29 = 0, 2*v - y = -z. Let m = -18 + z. What are the prime factors of m?
3
Let t(k) = 7*k**2 + 2*k - 46. List the prime factors of t(-10).
2, 317
Suppose 6*g - 2110 = 1022. What are the prime factors of g?
2, 3, 29
Suppose -p - 4*i = 12, -2*i + 11 + 11 = -3*p. Let w(q) = q**2 + 7*q. List the prime factors of w(p).
2
Let j(i) = 2*i**3 + 3*i**2 + 6*i - 3. Let x be j(4). Let k = x + -98. What are the prime factors of k?
3, 11
What are the prime factors of (-1)/(-2)*(237 - 33)?
2, 3, 17
Suppose 5*u = -285 + 1450. List the prime factors of u.
233
Let a(y) = -4*y + 62. Let k be a(16). What are the prime factors of 92*1 - (k + 2)*1?
2, 23
Let g = -87 - -347. What are the prime factors of g?
2, 5, 13
List the prime factors of (131 + -6 - 0)*15 - 6.
3, 7, 89
Let p(l) = 8 + 3*l - 2*l - 4*l - 3*l**2 + l**3 + l**2. Let j be p(6). Suppose -2*u + j = -5*k, u - 150 = -u - 3*k. What are the prime factors of u?
2, 3
Suppose 0 = -11*a + 543 + 1393. What are the prime factors of a?
2, 11
Let j be 8/16 + (-381)/6. Suppose -3*w - 20 = w. List the prime factors of 2 + w/5*j.
5, 13
Let s be (2/(-6))/((-10)/450). Let f be (-3 + 10 + -2)/1. Suppose 4*o = f*o - s. List the prime factors of o.
3, 5
Let i be (2 + 3 - 20)/(6/(-4)). What are the prime factors of (76/i)/(10/25)?
19
Suppose -16 + 36 = 5*u, -5*f - 4*u = -1411. List the prime factors of f.
3, 31
Suppose -288 = 7*v - 15*v. List the prime factors of v.
2, 3
Let b(w) = w**2 + 6*w - 4. Let c be 5/(-15) + 34/(-6). Let l be b(c). Let x(s) = -s**2 - 5*s + 4. What are the prime factors of x(l)?
2
Suppose 25 = u + 4*u. Suppose -4*t + 55 = -3*k - 310, 0 = -5*k + u. What are the prime factors of t?
2, 23
Let a(n) = 4*n + 11. Let b(j) = 5*j + 10. Let q(m) = 6*a(m) - 5*b(m). List the prime factors of q(-7).
23
Let l be (-2)/(-10) + (-2058)/(-35). Let f = l + 1. Suppose -b = -6*b + f. List the prime factors of b.
2, 3
Let q(n) = n**2 - 7*n - 4. Let u be q(7). Let p be 0*(0 - 2/u). Suppose 0 = 3*w - 3*g - 12, p*w + g - 5 = -2*w. List the prime factors of w.
3
Suppose 0 = -3*r + 64 + 146. Let i be ((-56)/r)/((-4)/10). Suppose -13 = i*t - 59. What are the prime factors of t?
23
List the prime factors of (0 - -4) + (2512 - 5).
3, 31
Suppose 0 = -0*x - 2*x. Let m(h) = h**2 + 3*h. Let y be m(4). Suppose -5*z - 4*f + 21 = -x*z, y = 5*z - 3*f. What are the prime factors of z?
5
Let c = 304 - 180. Suppose c = 3*x + 25. List the prime factors of x.
3, 11
Suppose -112*n + 97*n = -90960. What are the prime factors of n?
2, 379
Let y = 384 - 291. List the prime factors of y.
3, 31
Suppose -81 - 6 = -5*b + 4*p, 2*b - p = 33. Let v = b + 10. List the prime factors of v.
5
Suppose 5*x - 7 = 13. Suppose 0 = -x*q - 0*q + 56. Let k = -8 + q. List the prime factors of k.
2, 3
Let p(v) = 478*v + 103. List the prime factors of p(3).
29, 53
Let q = -1 + 1. Suppose -2*y + 10 = 5*v - 18, 4*v = 3*y + 4. Suppose v*o = q, -i + 5*o + 12 = 3*i. List the prime factors of i.
3
Let m be 12/5 + 12/(-30). Suppose x + 4*z + 0*z = 119, 268 = 2*x + m*z. List the prime factors of x.
139
Let x = 472 + 1058. What are the prime factors of x?
2, 3, 5, 17
Let x(u) = u**2 + 9*u - 12. Suppose 5*w = w - 40. Let d be x(w). What are the prime factors of (-1)/((-4 - d)/36)?
2, 3
Suppose q + 2*z = -2*q + 72, 0 = -q + 3*z + 13. Let v = -15 + q. Suppose v = 2*o - 11. List the prime factors of o.
3
Let p(v) = 202*v - 182. List the prime factors of p(18).
2, 11, 157
Let j = 6 - 10. Let q(v) = -v**3 - 6*v**2 - 6*v. Let t be q(j). List the prime factors of 30/(-2 - 22/t).
2, 5
Let i(t) = 53*t**2 + 7*t - 58. What are the prime factors of i(7)?
2, 647
Suppose -5*k - j - 2 = 18, 3*k + 3*j = -12. Let u be k/(-2) + 64/(-4). What are the prime factors of u/(-2) - (5 - 4)?
2, 3
Suppose -3*c + 15 = 2*c. Let m(x) = 31*x + 6. Let p be m(c). Suppose 0 = -3*w + p + 15. What are the prime factors of w?
2, 19
Suppose 0 = -5*b - 2*t + 19, 3 + 0 = -t. Suppose 0 = 5*n - 25, 2*c + b*n - 27 = c. List the prime factors of (c/8)/((-4)/(-656)).
41
Let n be (-24)/(-6) + 1236/2. Suppose y + n = 4*y - 2*k, 3*k + 6 = 0. What are the prime factors of y?
2, 103
Let b be (-4)/(-10) + (-261)/15. Let l(v) = 3*v**2 - 4*v + 1. Let y be l(4). Let h = b + y. What are the prime factors of h?
2
Suppose -i - 9 = -11. Suppose j = 4, -i*j + 612 = 5*n + 34. List the prime factors of n.
2, 3, 19
Let i be (11 - 12)*(-6 + 1). Suppose i*c = -3*c + 208. What are the prime factors of c?
2, 13
Let a = 11826 + -8002. List the prime factors of a.
2, 239
Suppose i = 2*i - 5*q + 18, 6 = i + q. Suppose -3*o - 3*y + 183 = 0, i*o + 2*y = y + 124. List the prime factors of o.
3, 7
Let i(r) = r**3 - 5*r**2 - 5*r + 12. Let o be i(6). Let u be (o - 3) + 2/2. Suppose 3*m - u - 5 = 0. What are the prime factors of m?
7
Let h(w) = -49*w**3 - 1. Let t be h(-1). Let q be 0/(3/(3/(-1))). Suppose m + 37 = 4*n, q = -5*n - 4*m + t + 14. List the prime factors of n.
2, 5
Let s = -1 - -5. Suppose 14 + 58 = -s*m. Let x = 8 - m. List the prime factors of x.
2, 13
Let v(m) = m**3 - 8*m**2 + 14*m - 1. Let i be 4/(-10) - 3/(105/(-224)). List the prime factors